 is the units digit of v(a)?
1
Let l = 3 + -9. Suppose 2*x = x - 2, 0 = -4*m + 5*x + 74. What is the tens digit of (m/(-5))/(l/30)?
1
Suppose -5*c + 27 = 7. Suppose -c*r + 24 = -2*r. What is the units digit of 2/(r/9)*14?
1
Let u be (7 + -4)*(0 + 1). Suppose -u*o + 36 + 12 = 0. What is the units digit of o?
6
Suppose -4*z + 2 = -66. What is the tens digit of z?
1
Suppose -9*n + 3213 = 12*n. What is the units digit of n?
3
Let a = -3 - -24. Suppose -3*v + a + 18 = 0. What is the units digit of v?
3
Let u be 4/18 - (-411)/(-27). Suppose 0 = -3*k - 2*k + 125. Let m = u + k. What is the tens digit of m?
1
Suppose v = -2*v + 63. What is the units digit of v?
1
Let h be ((-5)/(-15))/((-1)/(-12)). Suppose 2*y = 4 + h. What is the units digit of y/(-6)*(-42)/4?
7
Suppose -2*d + 4*y = 12, -d + 4*y - 5*y - 6 = 0. Let a(l) = 13*l + 13. Let c(t) = -7*t - 7. Let u(i) = -6*a(i) - 11*c(i). What is the units digit of u(d)?
5
Suppose 7*g = 3*g + 16. Suppose -i + 20 = g*i. What is the units digit of i?
4
Suppose 4*c + 3 - 23 = 0. Let t(o) = o**3 - 6*o**2 - 2*o + 4. Let h be t(c). Let y = h - -45. What is the tens digit of y?
1
Let z = 12 - 6. Suppose -c + z*c = 90. Suppose 3*d + 2*g - 2 - 1 = 0, -c = -2*d + 4*g. What is the units digit of d?
3
Suppose -5*y = -5*p - 3*y + 12, -5*p + 8 = 2*y. Suppose -14 - 10 = -p*h. What is the tens digit of h?
1
Let x be 3*2/9*-6. Suppose 0 = 2*n + 3 - 7. What is the units digit of 0 - (-2 + n + x)?
4
Suppose 2*a + 2*a = 0. Suppose -q - 15 = -2*d, 2*q - d + 4*d + 30 = a. What is the units digit of (-1 - -11)*(-12)/q?
8
Suppose -63 = -4*i - 3*p, 4*p + p - 39 = -3*i. What is the units digit of i?
8
Let h = -15 - 1. What is the units digit of (39/12)/((-4)/h)?
3
Suppose -u = -1 + 2. Let k = u + 35. What is the tens digit of k?
3
Let j be 1/(-4) - 105/60. Suppose 2*n + 0 = 6. Let a = n + j. What is the units digit of a?
1
Let v = 250 + -123. What is the tens digit of v?
2
Let b = 712 - 342. What is the tens digit of b?
7
Let b(x) = -x**2 - 2. Let k be b(0). Let t be k/8 + (-2)/(-8). Let r = 3 - t. What is the units digit of r?
3
Let q = -97 + 104. What is the units digit of q?
7
Let m be 21/(1 - (-3)/6). Suppose -3*z + 4 = -m. What is the units digit of z?
6
Let f(u) = -u**3 - 8*u**2 + 8*u - 6. Let c be f(-9). Suppose 0*z - c*z + 12 = 0. Suppose -z*p - 8 = 0, 4*m + 4*p + 15 = 5*m. What is the units digit of m?
7
Let u = -3 - 1. What is the tens digit of 29/3 + u/(-12)?
1
Let u be 2*-4*(-1)/2. Suppose 14 = -u*a + 38. Let r = a - 3. What is the units digit of r?
3
Let i be 2/4 + 21/6. Suppose 0 = 5*k + i - 34. What is the units digit of k?
6
Let j(c) be the first derivative of 5*c - 1/3*c**3 + 4 + 4*c**2. What is the units digit of j(6)?
7
Let f(d) = -2*d - 3. Let k be f(-2). Let p be (3 - 3) + k*2. What is the units digit of p/(-1) - (-2 + -5)?
5
Let a = 362 + -205. What is the units digit of a?
7
Let c = -31 + 44. Let k = -5 + c. Let m = 14 - k. What is the units digit of m?
6
Suppose 0*y - 4*y = -32. Let z be 2 + y - (-1 + 0). Let s = z - 6. What is the units digit of s?
5
Let q = 474 + -248. What is the tens digit of q?
2
Suppose -2*t + 80 = 3*t. Let v = -14 + t. What is the units digit of v?
2
Suppose -t + 8 = -7. What is the units digit of t/(-10)*(-12)/1?
8
Suppose -2*m = -4 + 2, 0 = -5*v - 5*m + 80. What is the tens digit of v?
1
Let b(n) = 8*n**2 + 8*n + 17. What is the units digit of b(-4)?
3
Suppose -9*s + 6*s = -15. Suppose -263 = -s*q + 2*n, q = 5*q - n - 208. What is the units digit of q?
1
Suppose 3*d - 6*o = -3*o + 3, -4*o = -d + 13. What is the units digit of (-1)/(2*d/42)?
7
Let l = 1 - -1. Let m be 2/(-3)*(2 - 8). Suppose -5*p - l*v - 3 = 0, 3*p - m*v - v - 23 = 0. What is the units digit of p?
1
Let q(c) = -c**3 - 7*c**2 + c - 5. What is the tens digit of q(-8)?
5
Let s(t) = -t**3 + 10*t**2 + 3*t + 2. Let i(m) = m**3 - 9*m**2 - 3*m - 2. Let v(d) = -7*i(d) - 6*s(d). Let p be v(4). What is the units digit of 1/2 + (-15)/p?
8
What is the hundreds digit of (-9 - -176) + (3 - 3)?
1
Let f be 8/6*(-18)/4. Let j = 11 + f. What is the units digit of j?
5
Let i be (-6)/3 + 12/3. Suppose b + 4*j = 6, -4*j + i = -2*b + 14. What is the units digit of b?
6
Let s(h) = 18*h**2 - 2*h + 1. What is the units digit of s(1)?
7
Let l be (1 + 3)*(-1)/(-2). Suppose x = l + 6. Suppose 56 = 3*r + x. What is the units digit of r?
6
Suppose -3*m + 8*m = 0. Let w(z) = z + 4. What is the units digit of w(m)?
4
Let r = -28 - -63. Suppose -r = -4*g - g. Let b = g - 3. What is the units digit of b?
4
Let g be (24/16)/((-2)/(-4)). Suppose g = -4*p + 27. What is the units digit of p?
6
Suppose -2*v + 2 = -82. What is the tens digit of v?
4
Let a = 94 - 61. What is the units digit of a?
3
Let n = 66 - 47. Suppose -17 = -z + 3*r, z - 5*r = -4*r + n. What is the units digit of z?
0
What is the units digit of 32/18 + (-14)/(-63)?
2
Let s = -6 + 2. What is the units digit of s/(-26) - (-835)/65?
3
Suppose 4*r - 12 = r. Suppose 9*q - r*q - 30 = 0. What is the units digit of q?
6
Let u = 1 - 6. Let n = u + 5. Suppose -5*a + 2*i = -4*a - 6, n = 3*a + 5*i - 18. What is the units digit of a?
6
Let r = 94 + -52. Suppose 0 = l - 6*l + 10. Suppose -l*d + r = d. What is the tens digit of d?
1
Suppose -66 = -2*c + 2*f, 3*c + 4*f - 38 = 68. What is the tens digit of c?
3
Suppose 3*w = -o + 6, 9 = o - 6*o - 2*w. Let a(f) be the third derivative of -f**6/120 - f**5/20 - f**4/8 - 2*f**2. What is the units digit of a(o)?
9
Suppose -z = 3*z - 308. What is the units digit of z?
7
Let n(v) = v**3 + 16*v**2 + 23*v - 3. What is the units digit of n(-14)?
7
Suppose 3*a + 13 = -2*t, 4*a + 1 + 3 = 4*t. Let p = a - -9. What is the units digit of p?
6
Suppose h - 3*h - 36 = 0. Let n be 2/(-6) + (-6)/h. What is the units digit of (1 + n)*(0 - -7)?
7
What is the units digit of ((-68)/(-153))/((-2)/(-9))?
2
Suppose -4*o = 2*z - 180, 2*o = 2*z - z - 98. What is the units digit of z?
4
Let w be (-455)/30 + (-1)/(-6). Let s be 66/(-15) - 6/w. What is the units digit of 1 + 2/s*-10?
6
Suppose -6 = -3*y + 24. Suppose 5*q = 45 - y. What is the units digit of q?
7
Let r(b) = b**3 - 5*b**2 + 2*b + 7. Let v be ((-15)/(-10))/(6/20). What is the units digit of r(v)?
7
Let z be 24/(-9) + 2/(-6). What is the tens digit of z/(-3 - 0) - -13?
1
Let n(s) = -7*s**2 - 6*s + 23. Let b(q) = 3*q**2 + 3*q - 11. Let o(v) = 5*b(v) + 2*n(v). What is the units digit of o(-6)?
9
Suppose h - 5*p - 6 = 3, 4*p + 18 = 2*h. Let m = h + -16. Let v = m + 11. What is the units digit of v?
4
Let k = -7 + 3. Let v = -26 + 16. What is the units digit of k/v + (-66)/(-10)?
7
Let n = 19 + -15. Suppose 4*m = n*x - 46 - 6, -4*x - m = -47. What is the units digit of x?
2
Suppose 10 = 5*n, -5*x + 6*x - 4*n - 145 = 0. What is the hundreds digit of x?
1
Suppose 36 = 2*z + z. Suppose -s + z = -0. What is the tens digit of s?
1
Suppose 2 = -5*m + 17. Suppose 4*q = -0*q + m*a + 21, 0 = -4*q - a + 25. What is the units digit of q?
6
What is the hundreds digit of (36/(-10))/((-8)/260)?
1
Let v = -22 - -31. Let y = v + 15. What is the units digit of y?
4
Let d = -7 + 10. Suppose 0 = d*h + 2*h. Suppose h = z - 6. What is the units digit of z?
6
What is the tens digit of 2013/44 + (-1)/(-4)?
4
Suppose 5*a + 5*v - 22 = 2*v, 2*v - 23 = -5*a. Suppose -5*g - 9 - 22 = -3*x, 0 = -4*g - a*x - 10. Let r(q) = -q + 3. What is the units digit of r(g)?
8
Let a(v) = -v**3 + 6*v**2 + v - 1. Let d be a(6). Suppose -n + 2*s = 2, -d*n - 7*s + 4*s + 16 = 0. What is the units digit of n?
2
Let p(s) = -43*s**3 + 1. Let q be p(-1). Suppose 5*t = t + q. What is the tens digit of t?
1
Let a(u) = -5*u + 3. Let i be a(-4). Suppose 0 = -y - 9 + i. What is the tens digit of y?
1
Let i(x) = x - 1. Let v be i(5). Let t = v - -8. What is the tens digit of t?
1
Suppose z + 5*o - 83 = o, -o = -2*z + 148. What is the tens digit of z?
7
Let r(l) = -4 - 12*l - 7*l**2 - 3*l**2 + l**3 + 2*l + 2. What is the units digit of r(11)?
9
What is the hundreds digit of 1527/11 + 6/33?
1
Let t = 13 + -5. What is the units digit of ((-12)/t)/((-3)/30)?
5
Let z = -19 - -28. What is the units digit of z?
9
Let p be (7/21)/((-1)/(-45)). Let x = 33 - p. What is the units digit of x?
8
Suppose 3*n - 3*q = 4*n - 94, -2*q = 3*n - 247. What is the units digit of n?
9
Let i(l) = 3 - 6 